*8/20160 + t**7/2520 - t**6/720 - 83*t**5/60 - 32*t**2. Let l(n) be the third derivative of p(n). Determine l(2).
7
Suppose -4 = i - 4*y, y = -3*i - 0*y + 14. Let a(h) = 3*h**2 + h + 2. Give a(i).
54
Let r(o) be the second derivative of -7*o**4/12 + o**3/6 + o. Let z(t) = 12*t + 19*t - 2*t**2 + 3*t**2 - 31*t. Let i(n) = r(n) + 2*z(n). Calculate i(-1).
-6
Let f(p) = -5*p**3 - 1. Let j(y) be the first derivative of -y**4/4 - 3*y**3 - 3*y**2/2 - 28*y - 18. Let a be j(-9). Give f(a).
4
Let x = -28502 + 28501. Let n(d) = 74*d**3 + 2*d + 1. Give n(x).
-75
Let u(x) = x**2 + 14*x - 23. Let v = 422 - 426. Let c be (-13 + 95/(-10))*v/(-6). Determine u(c).
-8
Let j(y) = -y**3 - y**2 + y + 6. Let x(c) = 5*c**3 + 14*c**2 - 15*c - 26. Let d(a) = 6*j(a) + x(a). Let n = 2 - 1. Let l(g) = 6*g + 1. Let f be l(n). Give d(f).
-4
Let l(p) = 2*p + 3*p**2 + 2 - 6*p - 15*p**2 + p**3 + 7*p**2. Suppose 2*u + 3*t - 2 = 2, 19 = 5*u + 3*t. Give l(u).
-18
Let p(r) be the third derivative of r**6/120 + 2*r**5/15 + r**4/24 - r**3/6 - 1680*r**2. Give p(-7).
41
Suppose 2*a - 8 = 4. Suppose -18 = k - 7*k. Let z(q) = -6 + a*q - 19*q - k + 12*q. Give z(-9).
0
Let u(h) = 0*h**3 - 5*h**2 + 8 - 2*h - 4*h + 13*h + h**3. Let m(j) = -j**3 - j - 1. Let i(f) = -2*m(f) - u(f). Suppose -23*g + 19*g - 20 = 0. Give i(g).
19
Let f(j) = -389 - 381 - 378 + 1158 + 0*j - j. Let h = 22 - 31. Let b(q) = -q**3 - 10*q**2 - 11*q - 12. Let s be b(h). Give f(s).
4
Let s = -1986 + 1997. Let c(h) = 5*h - 61. Give c(s).
-6
Let c be (-1)/((2 - (3 - 0))/5). Suppose c*n = 31 - 21. Let r(z) = z**2 + z + 1. Calculate r(n).
7
Let q(r) = 109*r + 442. Let f be q(-4). Let c(h) be the third derivative of -1/120*h**f - 5/24*h**4 - 18*h**2 - 1/10*h**5 - 1/3*h**3 + 0*h + 0. Calculate c(-5).
-2
Let s be (3/2)/(160/(-512)) + 11/(-55). Let n(z) = 2 + 4*z - 4*z - 3*z. Give n(s).
17
Let r(m) = m**3 + 11*m**2 + 14*m - 23. Let h be (-4)/(-10)*-21 - ((-99)/(-15) + -6). What is r(h)?
13
Let j(c) = -2*c**3 - 6*c**2 - 10*c + 7. Let b(a) = -a**3 - a**2 - 3*a + 2. Let z(r) = 4*b(r) - j(r). Determine z(2).
-11
Let q(f) = -f**3 + 7*f**2 + 6*f - 6. Let l(h) = -296*h - 2064. Let o be l(-7). Calculate q(o).
-22
Suppose 5612 = -122*o + 4636. Let g(a) be the second derivative of a**5/20 + 2*a**4/3 - a**3/6 - 4*a**2 + 5*a. Determine g(o).
0
Let k(l) be the third derivative of l**4/6 - 7*l**3/6 + 2339*l**2. What is k(5)?
13
Let q(h) = 6 - h - 5*h + 2*h - 1. Let i(g) = 0*g**3 - 27*g**2 - 23 + 0*g**3 + 0 - g - g**3. Let k be i(-27). Give q(k).
-11
Suppose 96*z + 1383 - 187 = -340. Let c(g) = g**2 + 23*g + 108. Determine c(z).
-4
Let g(v) be the second derivative of -v**6/720 - v**5/24 + 5*v**4/4 + 10*v. Let x(u) be the third derivative of g(u). Suppose -6*b = -0*b - 48. What is x(b)?
-13
Suppose 2*g - 2*l - 6 = 0, 0 = -3*g + 4*l + 6 - 0. Let z = -30 - -43. Let w(u) = 3 + u**2 - g*u**3 + z*u**3 - u - 6*u**3. Determine w(0).
3
Let k(b) = 23*b - 14. Let p(c) = -114*c + 69. Let u(h) = -11*k(h) - 2*p(h). Let z(m) = 6*m - 4. Let o(y) = -2*u(y) - 9*z(y). Calculate o(3).
-8
Suppose 12*s + 2 = 158. Let z(b) be the first derivative of -b**3/3 + 15*b**2/2 - 14*b - 38. Give z(s).
12
Let j(q) be the third derivative of -q**5/60 + 2*q**3/3 - 346*q**2. Give j(5).
-21
Let c(n) = -7*n + 5. Let f(z) = 45*z - 26. Let o(a) = -134*a + 78. Let s(k) = 14*f(k) + 5*o(k). Let p(g) = -11*c(g) + 2*s(g). Calculate p(-6).
15
Let s(y) = -y**3 - 27*y**2 - 28*y - 57. Let h be s(-26). Let q(i) = -i**2 + 9*i + 76. Give q(h).
6
Suppose 17*h - 47 - 4 = 0. Let g(y) = y**2 + 6*y + 0 - y - h*y - 1. Determine g(0).
-1
Let w(a) be the second derivative of a**5/60 - 7*a**4/12 - 247*a**3/6 - 203*a. Let u(m) be the second derivative of w(m). Calculate u(5).
-4
Let i(s) = -11*s**3 + 91*s**2 - 65*s + 18. Let x(v) = -5*v**3 + 43*v**2 - 29*v + 9. Let d(l) = 6*i(l) - 13*x(l). What is d(-12)?
3
Suppose -4*f + 1 = -11. Let r be (-174)/42 + f/21 + 2. Let k(m) = -m + 1. Let s(u) = 4*u + 3. Let l(q) = 2*k(q) - s(q). Give l(r).
11
Let z(s) = -11*s**3 + 62*s**2 + 8*s - 12. Let m(r) = -3*r**3 + 19*r**2 + 3*r - 4. Let w(x) = 7*m(x) - 2*z(x). Determine w(-7).
59
Let j(z) = z**2 + 9*z + 10. Let y = 8223 + -8232. Give j(y).
10
Let m(f) = 9*f**2 + 13*f + 5. Let a(t) = -16*t**2 - 24*t - 7. Let q(v) = 4*a(v) + 7*m(v). Determine q(3).
-17
Let f(h) = -21 - 10*h - 11*h**2 + 13*h**2 - 28 - 46. Let g be f(10). Let n(r) = -r**3 + 5*r**2 - r - 4. Give n(g).
-9
Suppose -3*l - 1 = -10. Let c = l + -10. Let z(p) = -49 + 28 + 23 - p**2 - 7*p. Determine z(c).
2
Let b = 935 - 933. Let u(t) = 1. Let c(m) = 3*m + 12. Let r(f) = -c(f) + 9*u(f). Give r(b).
-9
Let d be (-1 - -47)*2/(-8)*-20. Suppose d = 5*c + 75. Suppose t - 3*j = 10, 4*j = 4*t + j - c. Let z(r) = r**3 - 6*r**2 - 7*r - 1. Calculate z(t).
-1
Let m(g) = 5*g**2 - 624*g**3 + 152*g**3 + 159*g**3 + 10 + 162*g**3 + 152*g**3. What is m(-5)?
10
Let t(y) = 4*y**3 - y**2 + 2*y - 4. Let b(o) = 5*o**3 + 4*o - 4. Let u(w) = -2*b(w) + 3*t(w). What is u(3)?
17
Suppose -3*z + 17 = -2*s, 14 = 5*z - 5*s - 16. Let h(r) = 325*r - 607*r - 2 + 281*r. Give h(z).
-7
Let m be (-519)/12 + (-4)/(-48)*3. Let f = -34 - m. Let v(l) = 0 + 2*l - 6 + 7 + f. Calculate v(-7).
-4
Let u(q) be the second derivative of q**5/10 + 5*q**4/12 + q**3/3 - q**2 - q. Let a be 1/(-2)*(788 + 26). Let d = 404 + a. What is u(d)?
-17
Let s(f) be the first derivative of f**2/2 - 5*f - 1274. Calculate s(10).
5
Let p(a) = 5*a + 5*a - 2*a. Suppose -6108 + 69 = 11*g. Let t = -548 - g. Calculate p(t).
8
Let j(a) = a**2 + 14*a - 68. Let b be (2/(24/(-9)))/(-12*(-14)/4032). Give j(b).
4
Let p(a) = 1375 - 32*a + 33*a - 1360. Suppose -b - 27 = 2*f - 6*f, 3*f - 5*b = 33. Let s(c) = c**3 - 5*c**2 - 7*c - 2. Let l be s(f). What is p(l)?
7
Let r(d) be the third derivative of -d**6/120 + d**5/30 + d**4/4 - 5*d**3/3 - 131*d**2 - 5. Calculate r(3).
-1
Let t be (((-10)/(-6))/(-1))/((-3)/9). Let p(u) = 3*u**3 + 8*u - 8. Let v(l) = -16*l**3 - 3*l**2 - 40*l + 41. Let o(n) = -11*p(n) - 2*v(n). Give o(t).
-9
Let m(a) = 773*a**2 + 19 + 67*a - 770*a**2 + 1. Calculate m(-22).
-2
Let a = 65 + -63. Suppose -a*o + q = -0*q, 5*q - 28 = -4*o. Suppose 5*s = 2*g + 11, -4*g + 0*g + o*s + 18 = 0. Let f(p) = 2*p. Determine f(g).
14
Suppose 4*z + 4*n + 48 = 0, 2*z - 4*n = -0*n + 6. Let b(l) = 4*l + 12. Determine b(z).
-16
Let d(l) be the third derivative of -5*l**4/24 - 92*l**3/3 - l**2 + 2*l + 1111. Calculate d(-34).
-14
Let j(v) = -16*v**3 + 8*v**2 - 6*v + 17. Let t(w) = 15*w**3 - 7*w**2 + 5*w - 14. Let x(z) = 5*j(z) + 6*t(z). Give x(1).
9
Let f(u) = 21 + 9 - 37 + 6*u. What is f(6)?
29
Suppose 0 = -5*f - 268 - 77. Let w = f + 63. Let m(q) = q**2 + 5*q + 1. Calculate m(w).
7
Let x(v) be the third derivative of -v**5/60 + v**4/4 + v**3/3 - 51*v**2. What is x(8)?
-14
Suppose -3*w + 35 = -250. Let d = w - 89. Let f(l) be the second derivative of -l**3/3 + 7*l**2/2 - 3*l. Determine f(d).
-5
Suppose -2*g = 5*m - 12, 4*m - 3*g = -0*m + 5. Suppose m*q = 3*q - 2*u - 8, q - 4*u - 12 = 0. Let o be 30/q + 5/10. Let w(r) = -r**2 + 8*r - 5. What is w(o)?
-5
Let c be 1 - (2 - (9 - 2 - 4)). Let z(q) = -q. Let n be z(-2). Let u(b) = 14 - 9 + b**2 + b**3 - n*b**3 - 7. What is u(c)?
-6
Let c be 2 - (2 - 26)/2. Let m(x) be the second derivative of 9/2*x**2 - c*x + 1/6*x**3 + 0. Give m(-4).
5
Let a be 6*3/24 + 2871/396 + -8. Let w(r) = 2*r**2 + 1. Determine w(a).
1
Let g(v) = -106*v - 429. Let r be -5 - (10 + -19 + (11 - 3)). Determine g(r).
-5
Suppose -2*g + 20 = -3*h, 87*h - 86*h - 25 = -g. Let o(a) = a**3 - 20*a**2 + 17*a + 46. Calculate o(g).
8
Let g(f) be the second derivative of -f**5/20 + f**4/2 - 2*f**3/3 - 3*f**2 + 5*f. Let b(t) = 49*t - 1220. Let d be b(25). Calculate g(d).
-1
Let l be (-1 - (-4)/2)*4/4. Suppose 5*f - 5*b = 40, -3*b = -4*b - 5. Let p(c) = 12*c**3 - 5*c + 4*c + 16*c**f + 1 - 25*c**3. Calculate p(l).
3
Let n = 6 + -24. Let j be -15 + 32/n + (-14)/63. Let q = j - -11. Let y(c) = -c**2 - 9*c - 7. What is y(q)?
11
Let t(h) be the second derivative of 7*h**3/2 + 71*h**2/2 - 11751*h. What is t(-3)?
8
Let w(o) = -4*o**2 + 10*o + 4. Suppose -61 = 66*k - 325. Give w(k).
-20
Let v(o) = o**2 - 6*o - 10. Let u be v(9). Let i(w) = 120*w - 121*w - u + 21. Calculate i(-5).
9
Let s(n) = n**2 + 19*n - 49. Let r be ((-12)/18)/((-2)/(-60)). Calculate s